n - 3*n + 3*j + 300. Suppose -4*d - 3*m = -n, 0 = d + 4*m - 3*m - 72. Is d a prime number?
False
Is 9/6*1884/18 a prime number?
True
Is (-16)/40 - 4587/(-5) a prime number?
False
Suppose -4*c - 79 = -15. Let t be (c/10)/(2/(-5)). Is ((-159)/(-6))/(2/t) a composite number?
False
Suppose 9 = -4*o - 175. Let d = o - -77. Is d prime?
True
Let w = -1 + 5. Suppose -z - w*z + 65 = 0. Is z a prime number?
True
Let g(n) be the third derivative of 7*n**5/60 + n**4/8 - 5*n**3/6 + 4*n**2. Is g(4) a composite number?
True
Let w(n) = -n + 10. Let s be ((-9)/(-12))/((-2)/(-16)). Let u be w(s). Suppose 5*h - 2*p - 45 = 0, u*p - 18 = h - 3*h. Is h a prime number?
False
Let x = -113 - -256. Let w = x + -60. Is w prime?
True
Let q = -2 + 4. Suppose -3*j - h - 180 = -8*j, q*h - 10 = 0. Is j prime?
True
Let z(w) = -30*w + 7. Let q be 2/(-2) - (-1 - 2). Let h = q - 9. Is z(h) composite?
True
Is (((-3012)/10)/(-3))/(2/10) a composite number?
True
Let y(p) = -30*p + 4. Let j be y(3). Let s = 137 + j. Is s a prime number?
False
Let g(v) = -3*v**3 - v**2 + 5*v + 5. Let x(y) = y**2 - 4. Let r be x(3). Suppose -3*k + 2*d + 3*d = 27, r*k + 3*d = -11. Is g(k) a composite number?
True
Suppose 4*i = -0*i + 124. Let r = i + -8. Let t = 42 - r. Is t composite?
False
Suppose 2*l + 24 = -4*i, -5*i + 3 = -3*l + 11. Is (i/(-3))/((-4)/(-114)) a prime number?
False
Let g = -15 - -25. Let a = g - 5. Suppose a*y + 50 = 155. Is y composite?
True
Let x(c) = -2776*c - 13. Is x(-2) prime?
False
Let y(q) = 4 - 5*q - 4*q**2 - 3 + 0*q + 16*q**2. Let d be y(4). Let o = -94 + d. Is o composite?
False
Let p = 3 - 1. Let j be p/(-4) - (-15)/(-6). Let m = 8 - j. Is m prime?
True
Let j(y) = y**2 - y + 2. Let f be j(0). Let i be f/(-4) - (-22)/4. Suppose l - i*l + 56 = 0. Is l prime?
False
Let l(c) = -c**3 - 6*c**2 - 27*c - 23. Is l(-20) composite?
True
Is (-22272)/(-108) - (-4)/(-18) composite?
True
Let t = -3360 + 6809. Is t prime?
True
Suppose -l = 2*l + 177. Let s = -8 - l. Is s a composite number?
True
Suppose -2*c - 102 = -k + 3*c, -k + c = -122. Is k prime?
True
Suppose 0 = -2*a - 3*a + 1325. Is a composite?
True
Let c = 8 + -6. Suppose c*k - 301 = -3*d + 4*d, 2*d = -4*k + 590. Is k composite?
False
Let z be ((-12)/(-9) + -2)*-3. Suppose z*x = -x. Suppose -2*g + 3*q = -23, x = 2*q - 9 - 1. Is g a prime number?
True
Suppose -126 - 86 = -2*q. Let l = 159 - q. Is l composite?
False
Suppose -2*v + 0*v + 124 = 0. Suppose v - 5 = 3*h. Is h a prime number?
True
Suppose 319 = 2*i - 111. Is i a composite number?
True
Suppose 2*k - 579 = -4*u + 2175, -u + 696 = 3*k. Is u a prime number?
False
Suppose 2*w = -6 + 18. Let y(x) = -x**3 + 9*x**2 - 6*x - 1. Is y(w) prime?
True
Let q(r) = -3*r + 2. Let y be q(4). Let p(a) = -8*a + 5. Is p(y) prime?
False
Let w(y) = 25*y**3 + y**2 - y - 2. Let i be w(-3). Let d = i - -958. Is d prime?
True
Let w(b) = -33*b + 6. Let x be (-6)/(-1)*(-3 + 2). Let k be w(x). Suppose 0*g - g - k = -3*i, i = 2*g + 73. Is i composite?
False
Suppose 0 = -5*l + 212 + 603. Is l prime?
True
Let b(o) = -o**3 + o**2 - 2*o + 2. Let c be b(3). Let m = -12 - c. Is m a composite number?
True
Let d be -13 - (1 - 2)/1. Is (1940/(-6))/(8/d) a composite number?
True
Let w = -2723 - -5865. Is w/10 - 1/5 composite?
True
Let g(z) = -77*z - 71*z + 35*z. Is g(-1) composite?
False
Let z(l) = 55*l - 2. Let q be z(-2). Is q/(-12)*3/2 a prime number?
False
Let k = -3646 - -5189. Is k prime?
True
Let f(l) be the first derivative of -35*l**2/2 + 11*l - 6. Is f(-9) a prime number?
False
Let f(w) = w**3 - 20*w**2 - 14*w - 15. Let u(c) = 2*c**3 - 39*c**2 - 29*c - 31. Let g(q) = 7*f(q) - 4*u(q). Is g(16) composite?
False
Let z be 0 + (-2 - -1) + 7. Let x(b) = 2*b + 2. Is x(z) a composite number?
True
Let l(a) = -a + 1. Let m be l(2). Let w be (0 - m) + -3 - -5. Suppose w*z = 5*z - 78. Is z a composite number?
True
Let o = 5 + -5. Let a be o + 3 - (7 + 0). Is 4/a*(-32 + 1) prime?
True
Suppose u - 312 = g, -4*g - 949 = -3*u - 18. Is u composite?
False
Suppose 130*q - 3722 = 128*q. Is q a prime number?
True
Let n be (2/3)/(10/9645). Suppose -4*l + n = 199. Is l composite?
True
Suppose -t - 3*t = v - 8, -2*t + 4 = -3*v. Suppose -f - m + 4 = -0*f, -5*f = -3*m - 20. Suppose -3*u + 4*a + 237 = v, -f*u + 5*a = a - 320. Is u prime?
True
Suppose 5*g + 95 = -5. Let d = 4 - -1. Is (-8)/g + 593/d composite?
True
Suppose 2*m = -0*m - 10. Let z = m + 7. Suppose z*y + 337 = -2*k + 7*k, -3*y = 5*k - 332. Is k prime?
True
Suppose 3*h = 6*h. Is 1*139 - h/5 prime?
True
Let t be (-3)/(3/6 - 2). Suppose 0 = -t*w + 6*w - 644. Is w a prime number?
False
Let k = -668 - -1209. Is k a prime number?
True
Let u(v) = -221*v**3 + v**2 - 1. Is u(-1) prime?
False
Let t(v) = 4*v**2 + 3*v + 3*v**2 + 4 + v**2. Is t(-3) a prime number?
True
Let y be 7 - (-3)/2*-2. Suppose -4*z = -y*v - 648, 4*z - 4*v - 653 = v. Is z a prime number?
True
Let m be 1/((-2)/(-30)) - 3. Is 2 + -3 + m/3 composite?
False
Let t(j) = 2*j**2 + 11*j - 7. Is t(8) prime?
False
Suppose 6*w - 11*w = -255. Is w prime?
False
Let p = -5 - 122. Let r = p + 242. Is r composite?
True
Let f(s) = -2*s**3 - 12*s**2 - 6*s - 11. Is f(-8) prime?
True
Is (4 - (2 - -2)) + 1055 composite?
True
Is 39/(-13)*(-149)/3 composite?
False
Suppose -6*c + c - 985 = -5*l, 3*l - 5*c - 587 = 0. Is l a composite number?
False
Suppose -4*x - 191 = -p, 5*p - 3*x = x + 907. Is p composite?
False
Let t(c) = -c**3 - 4*c**2. Let n be t(-5). Suppose 0 = 3*y - 0 - 15, n = 5*z + 3*y. Suppose -x = -z*x + 77. Is x a composite number?
True
Let r be (2 + 2)*(-3)/(-6). Is 2*(r + (-213)/(-2)) prime?
False
Let v(r) = 9*r**3 - r**2 - r - 3. Is v(4) a prime number?
False
Suppose 133 = -4*j + 705. Suppose -2*y + y - 2*b + j = 0, 0 = -3*y - 2*b + 433. Is y a composite number?
True
Let y = -10 - -10. Is (-8 - -11) + (544 - y) composite?
False
Let s(c) = 7*c + 2. Let l be s(2). Suppose -l*d = -14*d - 322. Is d a prime number?
False
Suppose 0 = 3*p + d - 198, 3*p + 5*d - 2*d - 204 = 0. Is p a composite number?
True
Let h(k) be the third derivative of k**6/360 - k**5/24 - k**4/24 - k**3/6 + 2*k**2. Let m(q) be the first derivative of h(q). Is m(-6) composite?
True
Let t = 789 - 494. Suppose 61 = 4*h - t. Is h prime?
True
Let r(m) = m**3 - 4*m**2 + m + 5. Suppose 7*w = 2*w + 60. Suppose -3*s = -w - 0. Is r(s) a composite number?
True
Suppose -y + 2891 = 2*g, 9*g + 14500 = 5*y + 4*g. Is y prime?
True
Let s(m) = -2*m**2 + 29*m - 20. Is s(13) a prime number?
True
Let k(p) = -9*p - 7. Let m(n) = -n - 1. Let w(h) = k(h) - 4*m(h). Let j be w(-3). Suppose -4*f + j + 28 = 0. Is f a prime number?
False
Is 1028*(-3)/(-6)*(-2)/(-4) a prime number?
True
Let b(q) = -q**2 - 31*q - 3. Is b(-20) prime?
False
Let g = 228 - 69. Is g composite?
True
Let b be (-6)/(-21) + 54/7. Let t(h) = h**2 - 2*h - 2. Let u be t(b). Suppose -2*z + 3*z = u. Is z prime?
False
Let m be 10/4 - (-2)/(-4). Suppose -m*c - 5*l = -0*c - 166, 3*c - 263 = -4*l. Suppose 0*x + c = 3*x. Is x a composite number?
False
Is 22270/40 + (-2)/(-8) a composite number?
False
Suppose -2*r - r + 81 = 0. Suppose g + r = 4*g. Is g/(-27) + (-196)/(-3) a prime number?
False
Suppose 0 = -4*i + 4 + 8. Let c be (-18)/i - -3 - -238. Suppose 0 = -8*l + 3*l + c. Is l composite?
False
Let j be 11/(-2)*(7 - 9). Suppose -j*l = -8*l - 63. Is l composite?
True
Suppose -9 = -4*t - 5*v + 18, -2*v + 18 = 4*t. Is t a composite number?
False
Suppose 0 = 6*j - 872 + 110. Is j composite?
False
Let j be (1 - (-2)/(-1)) + 103. Suppose -627 = -3*g - j. Let a = -122 + g. Is a prime?
True
Let c(k) = -k**3 - 4*k**2 - 5*k - 4. Let m(z) = z**2 - 7*z + 1. Let n = 11 + -5. Let l be m(n). Is c(l) composite?
True
Is (678/9)/((-4)/(-6)) prime?
True
Let n be 8 + -2 - (2 - 3). Let g = -3 - -1. Is (-72)/g - (8 - n) composite?
True
Suppose 4*m - 28 = -4*f, -m - 2 = 5*f - 29. Suppose 3*d = 3*h + 348, m*d - 5*d + 350 = -4*h. Let w = d + -63. Is w prime?
False
Suppose 2*j + 5*k - 3079 = 0, 3*j + 5*k = -2*j + 7690. Is j composite?
True
Let n(r) = 16*r**3 - 5*r**2 + 7*r - 6. Let g be n(5). Suppose 3*m - g - 847 = 0. Is m composite?
True
Suppose 0 = -3*m - t + 4*t + 60, -2*m = -5*t - 31. Let v = -4 + m. Is v a prime number?
True
Suppose 28 = -t + 7. Is (-3123)/t + (-4)/(-14) a composite number?
False
Let j be 2/7 + (-3171)/(-49)